
2
What is the thousands digit of 2318576653?
6
What is the tens digit of 5679757301?
0
What is the thousands digit of 179500970?
0
What is the millions digit of 230527125?
0
What is the hundreds digit of 1796249670?
6
What is the hundreds digit of 421377778?
7
What is the tens digit of 74435912?
1
What is the units digit of 575904373?
3
What is the ten millions digit of 55112265?
5
What is the ten millions digit of 837213357?
3
What is the ten millions digit of 4907929199?
0
What is the thousands digit of 4295943925?
3
What is the millions digit of 226570668?
6
What is the hundred millions digit of 377093318?
3
What is the hundred thousands digit of 50543456?
5
What is the tens digit of 61520320?
2
What is the millions digit of 6740150?
6
What is the hundred thousands digit of 135015282?
0
What is the tens digit of 173769080?
8
What is the ten millions digit of 42441095?
4
What is the hundred millions digit of 148741573?
1
What is the ten thousands digit of 65784715?
8
What is the billions digit of 2066935976?
2
What is the hundred millions digit of 179903639?
1
What is the ten millions digit of 1006370805?
0
What is the millions digit of 5990990193?
0
What is the hundreds digit of 85994108?
1
What is the units digit of 251964181?
1
What is the ten thousands digit of 1193713602?
1
What is the ten thousands digit of 117318747?
1
What is the millions digit of 78120229?
8
What is the thousands digit of 4863371863?
1
What is the ten millions digit of 866596137?
6
What is the hundred thousands digit of 4608556961?
5
What is the units digit of 113539561?
1
What is the units digit of 27409261?
1
What is the thousands digit of 254726764?
6
What is the ten thousands digit of 1421193358?
9
What is the tens digit of 40732439?
3
What is the thousands digit of 915588101?
8
What is the tens digit of 178672981?
8
What is the hundred millions digit of 569836163?
5
What is the ten millions digit of 30974531?
3
What is the ten millions digit of 30483533?
3
What is the ten thousands digit of 6881545330?
4
What is the hundred thousands digit of 75410923?
4
What is the millions digit of 235176181?
5
What is the ten millions digit of 1648927693?
4
What is the thousands digit of 7222123733?
3
What is the hundred millions digit of 1070718189?
0
What is the hundred thousands digit of 50003506?
0
What is the hundreds digit of 302077730?
7
What is the ten millions digit of 138008937?
3
What is the hundreds digit of 1456635747?
7
What is the billions digit of 4743408983?
4
What is the thousands digit of 47560832?
0
What is the tens digit of 40377422?
2
What is the ten millions digit of 1494010243?
9
What is the tens digit of 1814345912?
1
What is the ten thousands digit of 15461545?
6
What is the tens digit of 568443570?
7
What is the millions digit of 2113053879?
3
What is the millions digit of 7926305?
7
What is the ten thousands digit of 14385353?
8
What is the hundreds digit of 392984507?
5
What is the hundred thousands digit of 721817471?
8
What is the millions digit of 79176308?
9
What is the hundred thousands digit of 49867343?
8
What is the hundreds digit of 1871118814?
8
What is the hundred thousands digit of 37006863?
0
What is the hundred millions digit of 820546238?
8
What is the ten thousands digit of 196765506?
6
What is the thousands digit of 5926710057?
0
What is the tens digit of 1210121039?
3
What is the hundreds digit of 129845728?
7
What is the hundreds digit of 562028081?
0
What is the tens digit of 47497300?
0
What is the hundred thousands digit of 3299514296?
5
What is the units digit of 5745211?
1
What is the units digit of 125115282?
2
What is the hundred thousands digit of 40969985?
9
What is the hundreds digit of 1159719134?
1
What is the thousands digit of 2642818212?
8
What is the hundred thousands digit of 483189494?
1
What is the thousands digit of 386766999?
6
What is the hundred millions digit of 598816105?
5
What is the thousands digit of 6146218365?
8
What is the ten millions digit of 167220654?
6
What is the ten millions digit of 748729790?
4
What is the hundred millions digit of 196123131?
1
What is the billions digit of 3955360675?
3
What is the ten millions digit of 715152667?
1
What is the hundred millions digit of 380745143?
3
What is the tens digit of 821566792?
9
What is the hundreds digit of 97967410?
4
What is the hundred millions digit of 2793306741?
7
What is the units digit of 49470697?
7
What is the hundred thousands digit of 1817402943?
4
What is the thousands digit of 2152183428?
3
What is the hundred millions digit of 2964289690?
9
What is the thousands digit of 1060254882?
4
What is the ten millions digit of 219689923?
1
What is the units digit of 172844376?
6
What is the millions digit of 4025750536?
5
What is the units digit of 356875850?
0
What is the hundreds digit of 45508253?
2
What is the millions digit of 16850315?
6
What is the thousands digit of 772769729?
9
What is the thousands digit of 558811978?
1
What is the ten thousands digit of 466226695?
2
What is the hundreds digit of 107548345?
3
What is the hundred thousands digit of 4518590947?
5
What is the ten millions digit of 54704286?
5
What is the hundred thousands digit of 2364175?
3
What is the ten thousands digit of 5817840125?
4
What is the hundred thousands digit of 5418142836?
1
What is the millions digit of 62423037?
2
What is the tens digit of 196400480?
8
What is the tens digit of 169028250?
5
What is the hundred millions digit of 1498748410?
4
What is the tens digit of 257672073?
7
What is the thousands digit of 2754646219?
6
What is the hundred thousands digit of 68577970?
5
What is the ten millions digit of 62606790?
6
What is the thousands digit of 80108899?
8
What is the ten thousands digit of 45754561?
5
What is the hundreds digit of 4082233614?
6
What is the ten thousands digit of 128745685?
4
What is the millions digit of 5579256374?
9
What is the millions digit of 56901365?
6
What is the ten thousands digit of 18659590?
5
What is the hundred millions digit of 1559522081?
5
What is the tens digit of 196691940?
4
What is the ten thousands digit of 2899176081?
7
What is the tens digit of 972663815?
1
What is the millions digit of 356129433?
6
What is the units digit of 83290131?
1
What is the tens digit of 2721649?
4
What is the ten thousands digit of 2141511423?
1
What is the millions digit of 99590420?
9
What is the thousands digit of 109548831?
8
What is the hundreds digit of 2018271?
2
What is the ten millions digit of 1349955696?
4
What is the units digit of 63831605?
5
What is the ten millions digit of 23944291?
2
What is the ten millions digit of 1093636291?
9
What is the hundred millions digit of 2927419063?
9
What is the tens digit of 141388511?
1
What is the tens digit of 58430324?
2
What is the thousands digit of 586902147?
2
What is the hundred millions digit of 272004570?
2
What is the thousands digit of 563332188?
2
What is the billions digit of 6870204575?
6
What is the millions digit of 11635517?
1
What is the hundreds digit of 319603825?
8
What is the ten thousands digit of 137710316?
1
What is the units digit of 131771225?
5
What is the tens digit of 159093323?
2
What is the thousands digit of 15827796?
7
What is the thousands digit of 3624488980?
8
What is the hundred thousands digit of 655933920?
9
What is the tens digit of 432324860?
6
What is the tens digit of 363798372?
7
What is the thousands digit of 48239579?
9
What is the tens digit of 72249597?
9
What is the thousands digit of 574200156?
0
What is the billions digit of 1127396086?
1
What is the ten thousands digit of 239622578?
2
What is the billions digit of 6518189541?
6
What is the ten millions digit of 222309284?
2
What is the ten thousands digit of 1566330?
6
What is the thousands digit of 173771134?
1
What is the units digit of 184754025?
5
What is the ten thousands digit of 341550912?
5
What is the hundred thousands digit of 131282325?
2
What is the units digit of 63055278?
8
What is the millions digit of 147740022?
7
What is the hundred thousands digit of 359820466?
8
What is the ten millions digit of 982634293?
8
What is the tens digit of 334973757?
5
What is the hundreds digit of 3767919900?
9
What is the thousands digit of 23095208?
5
What is the h